e tens digit of (20/4)/((-24)/(-13224))?
5
Let x(z) = -z + 11. Let q(v) = 2*v**2 - 4*v - 6. Let d be q(3). Suppose d = 4*k - k. What is the units digit of x(k)?
1
Suppose -16*m + 17*m = 161. What is the hundreds digit of m?
1
Suppose -4*y = -5*m + 14, 0*m - 22 = -m - 4*y. Let n be ((-6)/(-10))/(m/30). What is the units digit of 132/8*4/n?
2
Let t(q) be the first derivative of -q**4/4 + 3*q**3 + 15*q**2/2 - 25*q - 18. What is the tens digit of t(10)?
2
What is the units digit of 1734/(-24)*(15/5 + -11)?
8
Suppose 35231 + 2465 = 32*z. What is the thousands digit of z?
1
Suppose -n + 26 = -12. Let q = n - -78. What is the hundreds digit of q?
1
Let l(o) = -6*o - 9. Let k be l(-6). Let m be 413/(-28) + (-6)/(-8). Let i = m + k. What is the tens digit of i?
1
Suppose 3*d - 675 = 4*l - 6*l, 990 = 3*l - 3*d. What is the units digit of l?
3
Let z be 1*(5 - 4) + 2. Suppose -4*w + 0*k + 6 = -2*k, 2*k = -6. Suppose -z*f - f + 204 = w. What is the tens digit of f?
5
Let u(o) = o**3 - 7*o**2 + 9*o - 14. Let d be u(6). Suppose 31 = d*r - 137. What is the units digit of r?
2
What is the hundreds digit of 8/6 + (-8)/144*-2946?
1
Suppose 0 = 14*t - 10*t - 80. What is the tens digit of 2/8 + 835/t?
4
Let g be (15/30)/(1/40). Suppose -5*w + 15 = 0, g = h - 2*w - 22. What is the units digit of h?
8
Let d(k) = k**3 - 6*k**2 + 4*k + 5. Let x be d(5). Let i = 62 + x. What is the units digit of i?
2
Let s(q) = -q**3 + 10*q**2 + q + 1. Let d be (16 - 4 - -3) + -4. Let n be s(d). Let j = n - -160. What is the tens digit of j?
5
Let f = 18 - 15. What is the tens digit of (f/5 + 148/(-5))*-3?
8
Let m = 10 + -3. Suppose 11*l = m*l + 88. What is the units digit of l + -20 - (-1 - 59)?
2
Suppose -x + 8 = 2*n - 0*n, -n - 10 = -3*x. Let y(w) = -w + 6. Let t be y(x). What is the units digit of -4 + 16/t + 37?
1
Let t(y) be the first derivative of 4*y**3 + 2*y**2 + 8 - 3*y**2 + 2*y**3 - 1. What is the tens digit of t(-1)?
2
Suppose j - 2*j = -2*c + 168, 3*j = -3*c + 252. What is the units digit of c?
4
Let j(o) = 31*o**2 + 119*o - 601. What is the tens digit of j(5)?
6
Suppose 0 = u - 9*u + 32. Suppose 5*d + j + 4*j = 5, 2*j - 8 = -u*d. What is the units digit of d?
3
Suppose 0 = 84*h - 86*h + 722. What is the units digit of h?
1
Let h = 218 - -48. What is the units digit of h?
6
Let a(y) = -8*y**2 + 11*y**2 + 3 - 7 - 3. What is the tens digit of a(-7)?
4
Let t(d) = -2*d + 2. Let u = 6 - -9. Suppose -3*z - u = -0*z. What is the tens digit of t(z)?
1
Let g(r) = -r + 6. Let f be g(-5). Suppose 4*j - 91 = s, s + 104 = 5*j + 3*s. What is the units digit of 42/f - (-4)/j?
4
What is the units digit of (-4)/(-16)*5096/2?
7
Let v = -6 - -10. Let k(f) = f**2 - 3 - 8 + 21*f - 14*f + 3. What is the units digit of k(v)?
6
Let t be (-15)/35 + (-48)/(-14). Suppose 0 = -b - t*b. Let v(w) = w + 20. What is the units digit of v(b)?
0
Let z be (-5)/10*(3 - 3). Suppose z = -7*d - 0*d + 427. What is the tens digit of d?
6
Let y(w) = w**3 + 74*w**2 + 74*w + 198. What is the tens digit of y(-73)?
2
Let v(q) = 53*q**2 - 3*q + 68. What is the hundreds digit of v(-8)?
4
Let d(f) = f**3 + 5*f**2 - 3*f. Let x(q) = -q**2 - 1. Let g(h) = 7*h**2 - 7*h + 16. Let z(j) = -g(j) - 6*x(j). Let n be z(6). What is the units digit of d(n)?
8
Let h be (-50 + -7 + 2)*3. What is the units digit of (h*1)/(3 - 4)?
5
What is the units digit of 427 + -1 + (-5 - -4)?
5
Suppose z + 4 = 0, 0 = 5*q - 2*z + 11 - 39. Suppose -t + o - 2*o + 72 = 0, -q*t - o + 291 = 0. What is the units digit of t?
3
Let w(h) = -253*h - 28. What is the hundreds digit of w(-6)?
4
Let w(j) = 35*j + 86. What is the units digit of w(6)?
6
Let h(r) = -r**3 + 7*r**2 - 10. Let s be h(8). Let w = -70 - s. What is the units digit of w?
4
Let n(x) = -21*x**2 - 1. Let j be n(1). Let l = j - -21. What is the units digit of (-12)/(-4) + l - -6?
8
What is the units digit of ((-206)/(-5))/(2/10)?
6
Suppose p = 4 + 1. Let f(h) = -h**3 - 4*h**2 - h. Let m be f(-4). Suppose 5*r - k - 68 = 0, -p*r - 2*k + 71 = -m*k. What is the tens digit of r?
1
What is the hundreds digit of 3*(148/18*21 + -5)?
5
Let y(v) = -3*v**3 - 16*v**2 - 41*v - 4. What is the tens digit of y(-6)?
1
Let o be (-5 - -8)*26/6. Suppose o = 5*t + 2*c, 3*t - c = -5 + 4. Let s(i) = 13*i**2 + i - 1. What is the units digit of s(t)?
3
Suppose d - 6 = -7. Let l be 3 - d/(-2)*2. Suppose -10 - l = -4*c. What is the units digit of c?
3
Let r = 28 + -15. Suppose r = -5*z + 38. Suppose -z*w - 46 + 151 = 0. What is the tens digit of w?
2
Let i = 1907 + -169. What is the units digit of i?
8
What is the tens digit of ((-3498)/(-36))/((-1)/(-6))?
8
Let a(z) = z**3 + 2*z**2 - 2*z + 6. Let o be a(-3). Let f = o + 1. What is the units digit of f?
4
Let i(c) = -c + 11. Suppose 5*j + 4*d - 52 + 15 = 0, -7 = -j - d. What is the units digit of i(j)?
2
Suppose 4*y = g + 876, -4*y + g - 432 = -6*y. What is the hundreds digit of y?
2
Let g = 34 + -13. Suppose -2*j + g = w - 30, -3*w + 148 = j. What is the units digit of w?
9
Let g(c) = c - 4. Let w(t) = t**2 - 12*t + 15. Let p be w(11). Let f be g(p). Suppose -7*z + 4*z + 12 = f. What is the units digit of z?
4
Let i = 1683 - 985. What is the units digit of i?
8
Suppose p + 4 = -6. Let a(r) = -r**2 - 11*r - 7. Let k be a(p). What is the units digit of (k + -19)*(-1 + -1)?
2
Let r be -19*(2 + -5)*(-16)/(-2). Let s = -254 + r. What is the units digit of s?
2
Let r(v) = 27*v - 65. Let w(b) = 40*b - 97. Let a(k) = -8*r(k) + 5*w(k). What is the tens digit of a(-9)?
7
Let l = -122 - -125. What is the tens digit of ((-26)/6 + l)*-42?
5
What is the hundreds digit of (-10482)/(-20) - 1/10?
5
Suppose g + 465 = 3*u - 7*u, -2*u + 4*g - 210 = 0. Let j = -20 - u. What is the tens digit of j?
9
Let h(j) = 6*j**2 - 20*j + 105. What is the tens digit of h(-20)?
0
Let o(n) = n**3 + 18*n**2 - 3. Let w be o(-18). Let d(t) = -6*t - 2 + 2 - 8*t + 8. What is the units digit of d(w)?
0
What is the units digit of (-4)/(-2)*((-1325)/(-10) - 5)?
5
Let b be (0 - 0)*(-1)/2. Suppose b = 3*t + 5*o - 83, t = -2*o - 2*o + 16. What is the units digit of t?
6
Let q(m) = 1 - 1 + 0 - m**2 - m**3 - 4. Let d be q(0). Let o(p) = 3*p**2 + 7*p + 6. What is the units digit of o(d)?
6
Let s(q) = 19*q**2 + 4*q + 5. Let k be s(-7). Suppose -5*f + k = 2*w, 3*f + 4*w = 4*f - 186. What is the hundreds digit of f?
1
Suppose -o = -1, 5*g + 0*o = -4*o + 14. Suppose -4*t + 2*n + 52 = -2*t, 0 = g*t - 3*n - 56. What is the tens digit of t?
2
Let u(q) = 6*q**2 - 8*q - 1. Let z be u(6). Suppose 2*d - z = -3*h, d + 0*d + 2*h - 84 = 0. What is the tens digit of d?
8
Let f(s) = -17*s + 1. Let i be f(-1). Let g(r) = r + 9. Let c be g(-8). What is the units digit of (c + 1)/(i/27)?
3
Let a(v) = -7*v + 4. Let u be a(1). What is the tens digit of (1 - u)*752/32?
9
Let t = 13 - 9. Suppose t*g - 2 = 238. Suppose 2*h - g = -20. What is the tens digit of h?
2
Let c = -1 - 11. Let h be 2/8 + (-153)/c. Suppose -5*b + 6*b = h. What is the units digit of b?
3
What is the tens digit of (20 - 10)*(208 + 0)?
8
Suppose 4*z + 0*z - 23 = -5*l, -3*l = 3*z - 21. Suppose -4*d - i - z = -8*d, 0 = -4*d - 4*i + 32. Suppose -101 + 17 = -d*f. What is the tens digit of f?
2
Let w(c) = c**2 + 8*c + 12. Let y be w(-6). Suppose 5*a - 4*a - 17 = y. Let j = a - -9. What is the tens digit of j?
2
Suppose 6*d - 10 = 11*d. Let p = d - -6. Let g = p + 17. What is the units digit of g?
1
Suppose 0 = 6*h - 2*h + q - 597, -153 = -h + q. Suppose 4*b + h - 406 = 0. What is the units digit of b?
4
Let o be 31 + -1 + -1 + 1. Let a = -304 - -351. Let m = a - o. What is the tens digit of m?
1
Suppose 0 = 7*j - 19*j + 4788. What is the units digit of j?
9
Suppose -d = 2*l + 444, -4*d + 4*l - 1776 = -0*l. Let v = d + 648. What is the hundreds digit of v?
2
Let i be ((-4)/6)/((-2)/36). Let j be (-2 - -6)/((-1)/(-30)). Suppose 3*r + i = -5*m + j, -68 = -3*m - 5*r. What is the units digit of m?
1
Let j(x) be the first derivative of 2*x**2 - 3*x + 2. Let c be j(6). Suppose 4 = -s + c. What is the tens digit of s?
1
Let p(f) = -f**3 + 8*f**2 - 12*f. Let h be p(6). Let y(j) = -j**2 + 2*j + 42. What is the tens digit of y(h)?
4
Suppose 0 = 4*u + 3*z - 7240, -3*z + 5433 = u + 2*u. What is the tens digit of u?
0
Suppose 5*q = q. Let a(u) = 21*u - 21*u + u**2 + 40. What is the unit